t is the remainder when n(13) is divided by g?
0
Let h(o) = 7*o - 5. Let l(s) = s**2 + 0*s + s - 4*s. Let n be l(4). What is the remainder when 45 is divided by h(n)?
22
Suppose 6*t - 83 + 17 = 0. Calculate the remainder when t is divided by 6.
5
Let i = 292 - 146. Calculate the remainder when i is divided by 37.
35
Let d(p) = 15*p**3 - 2*p**2 + 2*p - 1. Let q be d(1). Suppose -x - q = -f + 2*x, 5*x = -2*f + 72. Let r = 21 - 12. What is the remainder when f is divided by r?
8
Suppose -w + 3*g + 43 = 17, 0 = -3*w - 2*g + 122. Suppose 4*q - w = 2*d, q = -0*q + 2*d + 14. Calculate the remainder when q is divided by 3.
2
Suppose 0 = -5*h + 4*x + 11, -6*x + x + 2 = -h. Suppose -h*o = -28 - 32. What is the remainder when o is divided by 11?
9
Suppose 3*y = 2*r - 39 + 10, 5*y = -5*r + 110. What is the remainder when 71 is divided by r?
14
Suppose 5*h + 52 = v, 4*v + 2*h - 311 = -59. Suppose 3*q + n - 65 = 0, 162 = 5*q + 2*n + 53. Calculate the remainder when v is divided by q.
20
Let s(p) = p**3 + 5*p**2 - 8*p - 7. Let x be s(-5). Suppose -225 = -3*l + 2*o, -2*o + x = 2*l - 107. What is the remainder when l is divided by 19?
16
Let w = 13 - 7. Let z = -2 - -11. Suppose s - z = 2. Calculate the remainder when s is divided by w.
5
Let s(g) = 2*g**2 + 11. Calculate the remainder when s(-5) is divided by 25.
11
Let x be 0 + 42 + (-9)/3. Suppose -x + 3 = -2*r. What is the remainder when 35 is divided by r?
17
Suppose 0 = 4*g + 2*g - 84. What is the remainder when 53 is divided by g?
11
Let o(q) = -q**3 + 5*q**2 - 2*q - 2. Let k be o(4). Suppose 4*d - k = 18. What is the remainder when 3 - -1*39/3 is divided by d?
4
What is the remainder when 568/10 + 2/10 is divided by 12?
9
Suppose 3*l + 11 = 2*l - 5*g, 4*l = 4*g + 52. Suppose -11*k = -10*k - l. What is the remainder when 71 is divided by k?
8
Suppose 9*z - 14 = 7*z. Calculate the remainder when 18 is divided by z.
4
Suppose -2*h = -6*h - 16. Let g(c) = 8*c + 4. Let t be g(h). Let b = -20 - t. What is the remainder when 15 is divided by b?
7
Let u = 3 + 13. Let a(h) = -3*h + 2 + 5*h + 4 + 2*h**2. What is the remainder when a(-5) is divided by u?
14
Suppose -5*d = -d - 164. Suppose -4*u - 5 = -21, -4*v + 44 = -3*u. Calculate the remainder when d is divided by v.
13
Suppose -5*m = p - 30, 5*p - 38 - 40 = -m. What is the remainder when 89 is divided by p?
14
Let o = 10 + -18. What is the remainder when 17 is divided by (0 - o) + 2/2?
8
Suppose 6*j = j + 275. Suppose 0 = 5*i - 4*p - 115, -i + 7 = -3*p - 27. What is the remainder when j is divided by i?
17
Let i = 19 + -11. Calculate the remainder when 23 is divided by i.
7
Let w(p) = 20*p**3 - 2*p**2 + 1. Calculate the remainder when w(1) is divided by 156/16 + 2/8.
9
Let w(u) = 2*u**2 - 7. Let v = -44 - -74. What is the remainder when v is divided by w(-3)?
8
Let i(m) = 74*m - 5. Calculate the remainder when i(1) is divided by 12.
9
Let g = -4 + 7. Suppose -8*k = -g*k - 40. What is the remainder when 15 - (0 + 2 - 1) is divided by k?
6
Let y(i) = i**3 + 4*i**2 - 4*i. Let r be y(-5). Let u = -1 - r. What is the remainder when 11 is divided by u?
3
Let l(z) = 3*z - 12. What is the remainder when 43 is divided by l(7)?
7
Let g = -1 + 1. Let n be g/2 + (0 - 2). What is the remainder when 13 is divided by n/11 + 228/44?
3
Suppose -38*r - 96 = -42*r. Calculate the remainder when r is divided by 9.
6
What is the remainder when (2/(-10))/((-18)/1530) is divided by 5?
2
Let g(c) = 27*c**2 + 2*c - 2. What is the remainder when g(1) is divided by 8?
3
Let r(c) = -c**2 + 22*c - 46. What is the remainder when 64 is divided by r(19)?
9
Let r(p) = 8*p + 11. Let n be r(8). Suppose -3*h = u + 32, 0 = 5*u + 2*h - 4*h + n. Let q = u + 42. What is the remainder when q is divided by 13?
12
Let c = 16 - 2. Calculate the remainder when c is divided by 7 + 2/(-2) + -1.
4
Let f(d) = -d + 4. Let v(m) = -2*m - 3. Suppose -8 = 2*l - 2*p, p = 4*l + 3*p + 16. What is the remainder when f(-4) is divided by v(l)?
3
Let f be 10/(-15) - 172/(-6). Suppose 7 = 5*l - f. Suppose 0 = 5*z - 2*k - k - 59, -5*z = -4*k - 57. What is the remainder when z is divided by l?
6
Suppose -7*m + 4*m + 48 = 0. Let a = -7 + m. What is the remainder when 33 is divided by a?
6
Suppose -g = -5*v - 2, 2*g - 29 = 3*v + 2*v. Calculate the remainder when g is divided by 10.
7
Let z(r) = 2*r**2 - 10*r + 26. Let m(f) = f**3 + 4*f**2 - 6*f. What is the remainder when z(4) is divided by m(-5)?
3
Suppose 0 = -m - 2 + 5. Let o = 5 - m. What is the remainder when 5 is divided by o?
1
Let h = -3 - -7. Suppose 0 = h*g + 4*x + 4, -5 = 2*g - 5*g + 5*x. Suppose -2*y = -g*y - 4. What is the remainder when y is divided by 2?
0
Let s(n) = n**3 - 5*n**2 + 29. Calculate the remainder when 154 is divided by s(4).
11
Let a(y) = -y**2 + 9*y - 11. Let i be a(8). Calculate the remainder when (-3)/((-18)/(-62))*i is divided by -22*(3/(-2))/3.
9
Let a(r) = -r**2 + 4*r - 4. Let d be a(3). Let f = 3 + d. Suppose 12 = 3*s + 2*h - 0*h, 20 = 5*s + 2*h. What is the remainder when s is divided by f?
0
Let b be 39 + 2/(1 - 3). Suppose -5*m = -2*d + 4 + 3, 2*m + b = 4*d. Let r(z) = -8*z - 9. Calculate the remainder when r(-5) is divided by d.
9
Let r = -171 - -243. Calculate the remainder when r is divided by 15.
12
Let n(s) = 9*s - 6. What is the remainder when n(5) is divided by 21?
18
Let p(s) = s**3 + 5*s - 4. Let q(m) = 2*m**3. Let o be q(1). Suppose -o*l + 13 = -l. What is the remainder when p(3) is divided by l?
12
Let u(h) = -1 + 6*h - 5*h + 2 - 3. Let r(t) = -t**2 - 7*t + 10. Let w be r(-7). What is the remainder when u(w) is divided by 5?
3
Let a = 12 + 3. Let i = -8 + a. What is the remainder when 18 is divided by i?
4
Let g = -44 - -58. Calculate the remainder when 25 is divided by g.
11
Suppose 2*n = 3*n - 12. Let o = -73 + 108. Calculate the remainder when o is divided by n.
11
Suppose 4*r = 3*c - 11 - 9, -c + 4 = 0. Let i be 0/((4 + r)/(-2)). Suppose t - 4*t + 18 = 3*b, 2*t - 2*b = i. What is the remainder when t is divided by 2?
1
Let s(n) = -8*n - 41. Calculate the remainder when s(-9) is divided by ((-12)/(-5))/(3/10).
7
Calculate the remainder when 61 is divided by (5 - -1)*(-15)/(-10).
7
Let i(z) be the first derivative of z**2/2 + 18*z - 11. What is the remainder when 10 is divided by i(-12)?
4
Let i(v) = v**3 + 6*v**2 + 5*v + 6. Let j be i(-5). Let r(d) = d**3 - 6*d**2 + 4*d - 4. Calculate the remainder when 59 is divided by r(j).
19
Calculate the remainder when 99 is divided by 32 - (0 + 2 + -4).
31
Let f = 54 - 31. What is the remainder when f is divided by 12?
11
Let d = -20 - -27. Calculate the remainder when 8 is divided by d.
1
Let g(q) = -q**2 + 3*q - 4. Let n be g(3). Let d be n/(-18) + 70/9. Suppose v = d + 6. Calculate the remainder when 39 is divided by v.
11
Let m(r) = -r**3 + 8*r**2 - 9*r + 7. Let a be m(7). Let z(n) = -n**3 - 7*n**2 - 2*n - 9. Calculate the remainder when 8 is divided by z(a).
3
Suppose -329 = -3*w - 32. Suppose 0*i - g - 109 = -4*i, -4*i - g + w = 0. Calculate the remainder when i is divided by 14.
12
Suppose -2*f + 83 = -f. Calculate the remainder when f is divided by 22.
17
Let t(s) = -s**2 + 8*s + 5. Let w be t(7). Let o be 22/(-3)*w/(-8). Suppose 0*b = -b + o. Calculate the remainder when b is divided by 4.
3
Let y = -74 + 153. Calculate the remainder when y is divided by 10.
9
Suppose 4*d = -5*v + 113, -3*d - 1 + 7 = 0. What is the remainder when 82 is divided by v?
19
Let x = 3 + -3. Suppose -2*r + 56 = -4*a, 3*r + 0*r - 5*a - 80 = x. Let z(j) = 5*j**2 - j - 3. What is the remainder when z(3) is divided by r?
19
Let a = 12 + 35. Suppose -4*j + 585 = 5*h, 4*j - 268 + 22 = -2*h. Suppose 33 = -5*n + h. What is the remainder when a is divided by n?
15
Let l(i) = i + 1. Let v be l(2). Suppose w + 70 = v*w. Suppose w = 5*o - 5. Calculate the remainder when 14 is divided by o.
6
Let o(s) = -s**3 - 5*s**2 - 5*s - 1. Suppose 11 = -5*w + 71. Let q = w - 4. Calculate the remainder when q is divided by o(-4).
2
Suppose 4 = -2*s + 58. Let d = s + -10. What is the remainder when d is divided by 6?
5
Suppose 0 = 11*z - 6*z - 185. Calculate the remainder when z is divided by 13.
11
Let j(o) be the third derivative of 11*o**4/24 - 3*o**2. Suppose 0 = -5*u + 117 + 43. What is the remainder when u is div